-- http://www.phpmyadmin.net
--
-- Servidor: 127.0.0.1
-- Tiempo de generación: 01-03-2017 a las 16:49:10
-- Versión del servidor: 5.7.11
-- Versión de PHP: 5.6.19




--
-- Base de datos: `dbpreinscripcion`
--

-- --------------------------------------------------------

--
-- Estructura de tabla para la tabla `area_productiva`
--

CREATE TABLE `area_productiva` (
  `id` int(11) NOT NULL,
  `nombre` varchar(200) COLLATE utf8_unicode_ci NOT NULL,
  `sigla` varchar(15) COLLATE utf8_unicode_ci NOT NULL,
  `sector` varchar(50) COLLATE utf8_unicode_ci NOT NULL
) ENGINE=InnoDB DEFAULT CHARSET=utf8 COLLATE=utf8_unicode_ci;

--
-- Volcado de datos para la tabla `area_productiva`
--

INSERT INTO `area_productiva` (`id`, `nombre`, `sigla`, `sector`) VALUES
(1, 'Agropecuaria y/o Producción Primaria', '', ''),
(2, 'Industrial y/o Producción Secundaria o de Transformación', '', ''),
(3, 'Comercial y/o Producción Terciaria', '', ''),
(4, ' Turismo', '', ''),
(5, ' Servicios', '', ''),
(6, ' Salud', '', ''),
(7, ' Deportiva', '', ''),
(8, 'Artístico', '', ''),
(9, 'Otro', '', '');

-- --------------------------------------------------------

--
-- Estructura de tabla para la tabla `aula`
--

CREATE TABLE `aula` (
  `id` int(11) NOT NULL,
  `instituto_id` int(11) DEFAULT NULL,
  `nombre` varchar(20) COLLATE utf8_unicode_ci NOT NULL,
  `capacidad` int(11) DEFAULT NULL,
  `descripcion` varchar(255) COLLATE utf8_unicode_ci DEFAULT NULL
) ENGINE=InnoDB DEFAULT CHARSET=utf8 COLLATE=utf8_unicode_ci;

--
-- Volcado de datos para la tabla `aula`
--

INSERT INTO `aula` (`id`, `instituto_id`, `nombre`, `capacidad`, `descripcion`) VALUES
(1, 1022, '1C', 22, 'Al lado del baño');

-- --------------------------------------------------------

--
-- Estructura de tabla para la tabla `carrera`
--

CREATE TABLE `carrera` (
  `id` int(11) NOT NULL,
  `nombre` varchar(255) COLLATE utf8_unicode_ci NOT NULL,
  `area_productiva_id` int(11) DEFAULT NULL,
  `sigla` varchar(30) COLLATE utf8_unicode_ci NOT NULL,
  `resolucion` varchar(100) COLLATE utf8_unicode_ci DEFAULT NULL,
  `anio_aprobacion` int(11) DEFAULT NULL,
  `regimen` varchar(15) COLLATE utf8_unicode_ci NOT NULL,
  `vigente` tinyint(1) DEFAULT NULL,
  `fecha_suspension` date DEFAULT NULL,
  `malla_curricular` varchar(255) COLLATE utf8_unicode_ci NOT NULL,
  `nombre_oficial` varchar(255) COLLATE utf8_unicode_ci NOT NULL
) ENGINE=InnoDB DEFAULT CHARSET=utf8 COLLATE=utf8_unicode_ci;

--
-- Volcado de datos para la tabla `carrera`
--

INSERT INTO `carrera` (`id`, `nombre`, `area_productiva_id`, `sigla`, `resolucion`, `anio_aprobacion`, `regimen`, `vigente`, `fecha_suspension`, `malla_curricular`, `nombre_oficial`) VALUES
(101, 'Acuicultura', 1, 'ac1333', NULL, NULL, 'Semestral', 1, NULL, '84b498408c75dbdbea60b9cb8154f489.pdf', 'acui'),
(102, ' Agropecuaria', 1, '', NULL, NULL, '', NULL, NULL, '', ''),
(103, ' Ecología y Medio Ambiente', 1, '', NULL, NULL, '', NULL, NULL, '', ''),
(104, ' Veterinaria y Zootecnia', 1, '', NULL, NULL, '', NULL, NULL, '', ''),
(201, ' Agroindustria', 2, '', NULL, NULL, '', NULL, NULL, '', ''),
(202, ' Construcción Civil', 2, '', NULL, NULL, '', NULL, NULL, '', ''),
(203, ' Electrónica', 2, '', NULL, NULL, '', NULL, NULL, '', ''),
(204, ' Electricidad Industrial', 2, '', NULL, NULL, '', NULL, NULL, '', ''),
(205, ' Industria de Alimentos', 2, '', NULL, NULL, '', NULL, NULL, '', ''),
(206, ' Industria Cerámica', 2, '', NULL, NULL, '', NULL, NULL, '', ''),
(207, ' Industria de Cuero', 2, '', NULL, NULL, '', NULL, NULL, '', ''),
(208, ' Industria de Gas y Petróleo', 2, '', NULL, NULL, '', NULL, NULL, '', ''),
(209, ' Informática Industrial', 2, '', NULL, NULL, '', NULL, NULL, '', ''),
(210, ' Industria de Litio', 2, '', NULL, NULL, '', NULL, NULL, '', ''),
(211, ' Industria de la Madera', 2, '', NULL, NULL, '', NULL, NULL, '', ''),
(212, ' Industria de Reciclaje', 2, '', NULL, NULL, '', NULL, NULL, '', ''),
(213, ' Industria Textil y Confecciones', 2, '', NULL, NULL, '', NULL, NULL, '', ''),
(214, ' Mecatrónica', 2, '', NULL, NULL, '', NULL, NULL, '', ''),
(215, ' Mecánica Industrial', 2, '', NULL, NULL, '', NULL, NULL, '', ''),
(216, ' Metalurgia, Fundición y Siderurgia', 2, '', NULL, NULL, '', NULL, NULL, '', ''),
(217, ' Petroquímica', 2, '', NULL, NULL, '', NULL, NULL, '', ''),
(218, ' Química Industrial', 2, '', NULL, NULL, '', NULL, NULL, '', ''),
(219, 'Electromecánica', 2, '', NULL, NULL, '', NULL, NULL, '', ''),
(220, 'Gas y Petrolio', 2, '', NULL, NULL, '', NULL, NULL, '', ''),
(221, 'Mueblería Industrial', 1, '', NULL, NULL, '', NULL, NULL, '', ''),
(301, ' Administración de Empresas PYMEs', 3, '', NULL, NULL, '', NULL, NULL, '', ''),
(302, ' Contaduría General', 3, '', NULL, NULL, '', NULL, NULL, '', ''),
(303, ' Mercadotecnia', 3, '', NULL, NULL, '', NULL, NULL, '', ''),
(304, ' Secretariado Ejecutivo', 3, '', NULL, NULL, '', NULL, NULL, '', ''),
(305, 'Mercadeo', 3, '', NULL, NULL, '', NULL, NULL, '', ''),
(306, 'Secretariado Administrativo', 3, '', NULL, NULL, '', NULL, NULL, '', ''),
(401, ' Gastronomía', 4, '', NULL, NULL, '', NULL, NULL, '', ''),
(402, ' Hotelería', 4, '', NULL, NULL, '', NULL, NULL, '', ''),
(403, ' Turismo', 4, '', NULL, NULL, '', NULL, NULL, '', ''),
(404, 'Hotelería Gastronomía', 4, '', NULL, NULL, '', NULL, NULL, '', ''),
(501, ' Artes Gráficas', 5, '', NULL, NULL, '', NULL, NULL, '', ''),
(502, ' Lingüística e Idiomas', 5, '', NULL, NULL, '', NULL, NULL, '', ''),
(503, ' Mecánica Automotriz', 5, '', NULL, NULL, '', NULL, NULL, '', ''),
(504, ' Sistemas Informáticos', 5, '', NULL, NULL, '', NULL, NULL, '', ''),
(505, 'Hardware y redes', 5, '', NULL, NULL, '', NULL, NULL, '', ''),
(506, 'Informática Industrial', 5, '', NULL, NULL, '', NULL, NULL, '', ''),
(507, 'Instalaciones Integrales y de Gas', 5, '', NULL, NULL, '', NULL, NULL, '', ''),
(508, 'Mantenimiento Industrial', 5, '', NULL, NULL, '', NULL, NULL, '', ''),
(509, 'Topografía', 5, '', NULL, NULL, '', NULL, NULL, '', ''),
(601, ' Enfermería', 6, '', NULL, NULL, '', NULL, NULL, '', ''),
(602, ' Estadística en Salud', 6, '', NULL, NULL, '', NULL, NULL, '', ''),
(603, ' Farmacia', 6, '', NULL, NULL, '', NULL, NULL, '', ''),
(604, ' Instrumentación Quirúrgica', 6, '', NULL, NULL, '', NULL, NULL, '', ''),
(605, ' Laboratorio Clínico', 6, '', NULL, NULL, '', NULL, NULL, '', ''),
(606, ' Nutrición', 6, '', NULL, NULL, '', NULL, NULL, '', ''),
(607, ' Optometría', 6, '', NULL, NULL, '', NULL, NULL, '', ''),
(608, ' Prótesis Dental', 6, '', NULL, NULL, '', NULL, NULL, '', ''),
(609, ' Rayos “X”', 6, '', NULL, NULL, '', NULL, NULL, '', ''),
(610, ' Salud Ambiental', 6, '', NULL, NULL, '', NULL, NULL, '', ''),
(701, ' Árbitros', 7, '', NULL, NULL, '', NULL, NULL, '', ''),
(702, ' Formación de Fútbol Profesional', 7, '', NULL, NULL, '', NULL, NULL, '', ''),
(703, ' Entrenadores de Fútbol', 7, '', NULL, NULL, '', NULL, NULL, '', ''),
(704, ' Kinesiología – Fisioterapeuta', 7, '', NULL, NULL, '', NULL, NULL, '', ''),
(801, ' Audiovisuales', 8, '', NULL, NULL, '', NULL, NULL, '', ''),
(802, ' Artes Plásticas', 8, '', NULL, NULL, '', NULL, NULL, '', ''),
(803, ' Artes Visuales', 8, '', NULL, NULL, '', NULL, NULL, '', ''),
(804, ' Danza', 8, '', NULL, NULL, '', NULL, NULL, '', ''),
(805, ' Música', 8, '', NULL, NULL, '', NULL, NULL, '', ''),
(806, ' Teatro', 8, '', NULL, NULL, '', NULL, NULL, '', ''),
(901, 'Educación Parvularia', 9, '', NULL, NULL, '', NULL, NULL, '', ''),
(902, '', 9, '', NULL, NULL, '', NULL, NULL, '', ''),
(903, 'Asistencia Social', 9, '', NULL, NULL, '', NULL, NULL, '', ''),
(904, 'Bancario Técnico medio', 9, '', NULL, NULL, '', NULL, NULL, '', ''),
(905, 'Comercio exterior', 9, '', NULL, NULL, '', NULL, NULL, '', ''),
(906, 'Diseño Gráfico y Comunicación', 9, '', NULL, NULL, '', NULL, NULL, '', ''),
(907, 'Electricidad Técnico Medio', 9, '', NULL, NULL, '', NULL, NULL, '', '');

-- --------------------------------------------------------

--
-- Estructura de tabla para la tabla `carrera_titulacion_tipo`
--

CREATE TABLE `carrera_titulacion_tipo` (
  `id` int(11) NOT NULL,
  `carrera_id` int(11) DEFAULT NULL,
  `titulacion_tipo_id` int(11) DEFAULT NULL
) ENGINE=InnoDB DEFAULT CHARSET=utf8 COLLATE=utf8_unicode_ci;

--
-- Volcado de datos para la tabla `carrera_titulacion_tipo`
--

INSERT INTO `carrera_titulacion_tipo` (`id`, `carrera_id`, `titulacion_tipo_id`) VALUES
(6, 101, 3);

-- --------------------------------------------------------

--
-- Estructura de tabla para la tabla `departamento`
--

CREATE TABLE `departamento` (
  `id` int(11) NOT NULL,
  `nombre` varchar(40) COLLATE utf8_unicode_ci NOT NULL
) ENGINE=InnoDB DEFAULT CHARSET=utf8 COLLATE=utf8_unicode_ci;

--
-- Volcado de datos para la tabla `departamento`
--

INSERT INTO `departamento` (`id`, `nombre`) VALUES
(1, 'CHUQUISACA'),
(2, 'LA PAZ'),
(3, 'COCHABAMBA'),
(4, 'ORURO'),
(5, 'POTOSI'),
(6, 'TARIJA'),
(7, 'SANTA CRUZ'),
(8, 'BENI'),
(9, 'PANDO');

-- --------------------------------------------------------

--
-- Estructura de tabla para la tabla `docente`
--

CREATE TABLE `docente` (
  `id` int(11) NOT NULL,
  `instituto_id` int(11) DEFAULT NULL,
  `municipio_id` int(11) DEFAULT NULL,
  `usuario_id` int(11) DEFAULT NULL,
  `paterno` varchar(255) COLLATE utf8_unicode_ci NOT NULL,
  `materno` varchar(255) COLLATE utf8_unicode_ci NOT NULL,
  `nombres` varchar(255) COLLATE utf8_unicode_ci NOT NULL,
  `fechaNac` date NOT NULL,
  `edad` int(11) NOT NULL,
  `sexo` varchar(10) COLLATE utf8_unicode_ci NOT NULL,
  `ci` varchar(30) COLLATE utf8_unicode_ci NOT NULL,
  `exp` varchar(50) COLLATE utf8_unicode_ci NOT NULL,
  `celular` varchar(10) COLLATE utf8_unicode_ci DEFAULT NULL,
  `telefono` varchar(15) COLLATE utf8_unicode_ci DEFAULT NULL,
  `email` varchar(255) COLLATE utf8_unicode_ci DEFAULT NULL,
  `facebook` varchar(255) COLLATE utf8_unicode_ci DEFAULT NULL,
  `zona` varchar(255) COLLATE utf8_unicode_ci NOT NULL,
  `calle` varchar(255) COLLATE utf8_unicode_ci NOT NULL,
  `anios_servicio` int(11) NOT NULL,
  `anio_ingreso` int(11) NOT NULL,
  `modalidad_docente` varchar(40) COLLATE utf8_unicode_ci NOT NULL,
  `grado_academico` varchar(100) COLLATE utf8_unicode_ci NOT NULL,
  `pagado_por` varchar(100) COLLATE utf8_unicode_ci NOT NULL,
  `incentivo_pagado_por` varchar(100) COLLATE utf8_unicode_ci NOT NULL,
  `doc_ci` tinyint(1) DEFAULT NULL,
  `doc_titulo` tinyint(1) DEFAULT NULL,
  `doc_cv` tinyint(1) DEFAULT NULL,
  `doc_rda` tinyint(1) DEFAULT NULL,
  `doc_memo` tinyint(1) DEFAULT NULL,
  `en_a` varchar(5) COLLATE utf8_unicode_ci NOT NULL,
  `en_b` varchar(5) COLLATE utf8_unicode_ci NOT NULL,
  `en_c` varchar(5) COLLATE utf8_unicode_ci NOT NULL,
  `en_d` varchar(5) COLLATE utf8_unicode_ci NOT NULL,
  `en_e` varchar(5) COLLATE utf8_unicode_ci NOT NULL,
  `en_f` varchar(5) COLLATE utf8_unicode_ci NOT NULL,
  `en_g` varchar(5) COLLATE utf8_unicode_ci NOT NULL,
  `en_h` varchar(5) COLLATE utf8_unicode_ci NOT NULL,
  `en_i` varchar(5) COLLATE utf8_unicode_ci NOT NULL,
  `en_j` varchar(5) COLLATE utf8_unicode_ci NOT NULL,
  `en_k` varchar(5) COLLATE utf8_unicode_ci NOT NULL,
  `capacitacion_suiza` varchar(5) COLLATE utf8_unicode_ci NOT NULL,
  `capacitacion_a` varchar(5) COLLATE utf8_unicode_ci DEFAULT NULL,
  `capacitacion_b` varchar(5) COLLATE utf8_unicode_ci DEFAULT NULL,
  `capacitacion_c` varchar(5) COLLATE utf8_unicode_ci DEFAULT NULL,
  `capacitacion_d` varchar(5) COLLATE utf8_unicode_ci DEFAULT NULL,
  `capacitacion_e` varchar(5) COLLATE utf8_unicode_ci DEFAULT NULL,
  `capacitacion_f` varchar(5) COLLATE utf8_unicode_ci DEFAULT NULL,
  `capacitacion_g` varchar(5) COLLATE utf8_unicode_ci DEFAULT NULL,
  `capacitacion_h` varchar(5) COLLATE utf8_unicode_ci DEFAULT NULL,
  `capacitacion_i` varchar(5) COLLATE utf8_unicode_ci DEFAULT NULL,
  `capacitacion_j` varchar(5) COLLATE utf8_unicode_ci DEFAULT NULL,
  `capacitacion_k` varchar(5) COLLATE utf8_unicode_ci DEFAULT NULL,
  `capacitacion_l` varchar(5) COLLATE utf8_unicode_ci DEFAULT NULL,
  `capacitacion_m` varchar(5) COLLATE utf8_unicode_ci DEFAULT NULL,
  `capacitacion_n` varchar(5) COLLATE utf8_unicode_ci DEFAULT NULL,
  `capacitacion_gen_a` varchar(5) COLLATE utf8_unicode_ci NOT NULL,
  `capacitacion_gen_b` varchar(5) COLLATE utf8_unicode_ci NOT NULL,
  `capacitacion_gen_c` varchar(5) COLLATE utf8_unicode_ci NOT NULL,
  `capacitacion_gen_D` varchar(5) COLLATE utf8_unicode_ci NOT NULL,
  `capacitacion_gen_e` varchar(5) COLLATE utf8_unicode_ci NOT NULL,
  `capacitacion_gen_f` varchar(5) COLLATE utf8_unicode_ci NOT NULL,
  `capacitacion_otra` varchar(100) COLLATE utf8_unicode_ci DEFAULT NULL,
  `reuniones` varchar(5) COLLATE utf8_unicode_ci NOT NULL,
  `percepcion1` varchar(100) COLLATE utf8_unicode_ci NOT NULL,
  `percepcion2` varchar(100) COLLATE utf8_unicode_ci NOT NULL,
  `percepcion3` varchar(100) COLLATE utf8_unicode_ci NOT NULL,
  `percepcion4` varchar(100) COLLATE utf8_unicode_ci NOT NULL,
  `created_at` datetime NOT NULL
) ENGINE=InnoDB DEFAULT CHARSET=utf8 COLLATE=utf8_unicode_ci;

--
-- Volcado de datos para la tabla `docente`
--

INSERT INTO `docente` (`id`, `instituto_id`, `municipio_id`, `usuario_id`, `paterno`, `materno`, `nombres`, `fechaNac`, `edad`, `sexo`, `ci`, `exp`, `celular`, `telefono`, `email`, `facebook`, `zona`, `calle`, `anios_servicio`, `anio_ingreso`, `modalidad_docente`, `grado_academico`, `pagado_por`, `incentivo_pagado_por`, `doc_ci`, `doc_titulo`, `doc_cv`, `doc_rda`, `doc_memo`, `en_a`, `en_b`, `en_c`, `en_d`, `en_e`, `en_f`, `en_g`, `en_h`, `en_i`, `en_j`, `en_k`, `capacitacion_suiza`, `capacitacion_a`, `capacitacion_b`, `capacitacion_c`, `capacitacion_d`, `capacitacion_e`, `capacitacion_f`, `capacitacion_g`, `capacitacion_h`, `capacitacion_i`, `capacitacion_j`, `capacitacion_k`, `capacitacion_l`, `capacitacion_m`, `capacitacion_n`, `capacitacion_gen_a`, `capacitacion_gen_b`, `capacitacion_gen_c`, `capacitacion_gen_D`, `capacitacion_gen_e`, `capacitacion_gen_f`, `capacitacion_otra`, `reuniones`, `percepcion1`, `percepcion2`, `percepcion3`, `percepcion4`, `created_at`) VALUES
(3, 1022, 611, 24, 'gomez', 'serapio', 'christian', '1985-04-05', 31, 'Varón', '555837', 'COCHABAMBA', '324', '32432', NULL, NULL, 'fdsa', 'dsfa', 3, 32, 'Interino', 'Normalista humanístico', 'ONG', 'Gobierno Municipal', 1, 1, 0, 1, 0, 'NO', 'NO', 'SI', 'NO', 'SI', 'SI', 'SI', 'SI', 'SI', 'SI', 'SI', 'NO', NULL, NULL, NULL, NULL, NULL, NULL, NULL, NULL, NULL, NULL, NULL, NULL, NULL, NULL, 'NO', 'SI', 'SI', 'SI', 'SI', 'SI', 'fdse', 'SI', 'Muy adecuados', 'Suficientes', 'Suficientes', 'Siempre limpio', '2017-02-23 01:52:53');

-- --------------------------------------------------------

--
-- Estructura de tabla para la tabla `docentes_carreras`
--

CREATE TABLE `docentes_carreras` (
  `docente_id` int(11) NOT NULL,
  `carrera_id` int(11) NOT NULL
) ENGINE=InnoDB DEFAULT CHARSET=utf8 COLLATE=utf8_unicode_ci;

-- --------------------------------------------------------

--
-- Estructura de tabla para la tabla `estudiante`
--

CREATE TABLE `estudiante` (
  `id` int(11) NOT NULL,
  `regional_id` int(11) DEFAULT NULL,
  `instituto_id` int(11) DEFAULT NULL,
  `instituto_carrera_id` int(11) DEFAULT NULL,
  `instituto_paralelo_id` int(11) DEFAULT NULL,
  `municipio_id` int(11) DEFAULT NULL,
  `usuario_id` int(11) DEFAULT NULL,
  `paterno` varchar(255) COLLATE utf8_unicode_ci NOT NULL,
  `materno` varchar(255) COLLATE utf8_unicode_ci NOT NULL,
  `nombres` varchar(255) COLLATE utf8_unicode_ci NOT NULL,
  `nacio_municipio` varchar(10) COLLATE utf8_unicode_ci NOT NULL,
  `fecha_nac` date NOT NULL,
  `edad` int(11) NOT NULL,
  `sexo` varchar(10) COLLATE utf8_unicode_ci NOT NULL,
  `ci` varchar(30) COLLATE utf8_unicode_ci NOT NULL,
  `exp` varchar(50) COLLATE utf8_unicode_ci NOT NULL,
  `celular` varchar(10) COLLATE utf8_unicode_ci DEFAULT NULL,
  `telefono` varchar(15) COLLATE utf8_unicode_ci DEFAULT NULL,
  `email` varchar(255) COLLATE utf8_unicode_ci DEFAULT NULL,
  `facebook` varchar(255) COLLATE utf8_unicode_ci DEFAULT NULL,
  `zona` varchar(255) COLLATE utf8_unicode_ci NOT NULL,
  `calle` varchar(255) COLLATE utf8_unicode_ci NOT NULL,
  `modalidad_ingreso` varchar(255) COLLATE utf8_unicode_ci NOT NULL,
  `vive_madre` varchar(10) COLLATE utf8_unicode_ci NOT NULL,
  `nombre_madre` varchar(255) COLLATE utf8_unicode_ci DEFAULT NULL,
  `telefono_madre` varchar(255) COLLATE utf8_unicode_ci DEFAULT NULL,
  `vive_padre` varchar(10) COLLATE utf8_unicode_ci NOT NULL,
  `nombre_padre` varchar(255) COLLATE utf8_unicode_ci DEFAULT NULL,
  `telefono_padre` varchar(255) COLLATE utf8_unicode_ci DEFAULT NULL,
  `vive_tutor` varchar(10) COLLATE utf8_unicode_ci NOT NULL,
  `nombre_tutor` varchar(255) COLLATE utf8_unicode_ci DEFAULT NULL,
  `telefono_tutor` varchar(255) COLLATE utf8_unicode_ci DEFAULT NULL,
  `nombre_referencia` varchar(255) COLLATE utf8_unicode_ci NOT NULL,
  `telefono_referencia` varchar(255) COLLATE utf8_unicode_ci DEFAULT NULL,
  `banco` varchar(255) COLLATE utf8_unicode_ci NOT NULL,
  `numero_deposito` int(11) DEFAULT NULL,
  `monto` decimal(10,0) NOT NULL,
  `doc_diploma` tinyint(1) DEFAULT NULL,
  `doc_ci` tinyint(1) DEFAULT NULL,
  `doc_boleta` tinyint(1) DEFAULT NULL,
  `doc_fotos` tinyint(1) DEFAULT NULL,
  `doc_nacimiento` tinyint(1) DEFAULT NULL,
  `idiomas` varchar(255) COLLATE utf8_unicode_ci NOT NULL,
  `nivel_instruccion` varchar(255) COLLATE utf8_unicode_ci NOT NULL,
  `estado_civil` varchar(255) COLLATE utf8_unicode_ci NOT NULL,
  `tiene_hijos` varchar(5) COLLATE utf8_unicode_ci NOT NULL,
  `num_hijos` int(11) DEFAULT NULL,
  `expec1` varchar(5) COLLATE utf8_unicode_ci NOT NULL,
  `expec2` varchar(50) COLLATE utf8_unicode_ci NOT NULL,
  `expec3` varchar(5) COLLATE utf8_unicode_ci NOT NULL,
  `expec4` varchar(5) COLLATE utf8_unicode_ci NOT NULL,
  `trabajo_pagado` varchar(10) COLLATE utf8_unicode_ci NOT NULL,
  `actividad_trabajo` varchar(100) COLLATE utf8_unicode_ci DEFAULT NULL,
  `nombre_trabajo` varchar(255) COLLATE utf8_unicode_ci DEFAULT NULL,
  `sector_trabajo` varchar(255) COLLATE utf8_unicode_ci DEFAULT NULL,
  `tiempo_trabajo` varchar(255) COLLATE utf8_unicode_ci DEFAULT NULL,
  `trabajo_relacionado` varchar(10) COLLATE utf8_unicode_ci DEFAULT NULL,
  `trabajo_permanente` varchar(255) COLLATE utf8_unicode_ci DEFAULT NULL,
  `dias_trabajo` int(11) DEFAULT NULL,
  `horas_trabajo` int(11) DEFAULT NULL,
  `monto_trabajo` decimal(10,0) DEFAULT NULL,
  `calidad_trabajo` varchar(255) COLLATE utf8_unicode_ci DEFAULT NULL,
  `created_at` datetime DEFAULT NULL,
  `num_registro` int(11) NOT NULL
) ENGINE=InnoDB DEFAULT CHARSET=utf8 COLLATE=utf8_unicode_ci;

-- --------------------------------------------------------

--
-- Estructura de tabla para la tabla `horario`
--

CREATE TABLE `horario` (
  `id` int(11) NOT NULL,
  `aula_id` int(11) DEFAULT NULL,
  `periodo_id` int(11) DEFAULT NULL,
  `materia_asignada_id` int(11) DEFAULT NULL,
  `dia` varchar(50) COLLATE utf8_unicode_ci NOT NULL
) ENGINE=InnoDB DEFAULT CHARSET=utf8 COLLATE=utf8_unicode_ci;

-- --------------------------------------------------------

--
-- Estructura de tabla para la tabla `instituto`
--

CREATE TABLE `instituto` (
  `id` int(11) NOT NULL,
  `municipio_id` int(11) DEFAULT NULL,
  `nombre` varchar(255) COLLATE utf8_unicode_ci NOT NULL,
  `sie` int(11) DEFAULT NULL,
  `direccion` varchar(255) COLLATE utf8_unicode_ci DEFAULT NULL,
  `telefono` varchar(100) COLLATE utf8_unicode_ci DEFAULT NULL,
  `instituto_tipo_id` int(11) DEFAULT NULL,
  `instituto_dependencia_id` int(11) DEFAULT NULL,
  `num_tec_auxiliar` int(11) NOT NULL,
  `num_tec_operario` int(11) NOT NULL,
  `num_tec_medio` int(11) NOT NULL,
  `num_tec_superior` int(11) NOT NULL,
  `num_basica` int(11) NOT NULL,
  `logo` varchar(100) COLLATE utf8_unicode_ci NOT NULL,
  `created_at` datetime NOT NULL,
  `regional_id` int(11) DEFAULT NULL,
  `email` varchar(255) COLLATE utf8_unicode_ci DEFAULT NULL,
  `portal_web` varchar(255) COLLATE utf8_unicode_ci DEFAULT NULL,
  `facebook` varchar(255) COLLATE utf8_unicode_ci DEFAULT NULL,
  `cont_num_registro` int(11) NOT NULL,
  `logo_reportes` varchar(100) COLLATE utf8_unicode_ci NOT NULL
) ENGINE=InnoDB DEFAULT CHARSET=utf8 COLLATE=utf8_unicode_ci;

--
-- Volcado de datos para la tabla `instituto`
--

INSERT INTO `instituto` (`id`, `municipio_id`, `nombre`, `sie`, `direccion`, `telefono`, `instituto_tipo_id`, `instituto_dependencia_id`, `num_tec_auxiliar`, `num_tec_operario`, `num_tec_medio`, `num_tec_superior`, `num_basica`, `logo`, `created_at`, `regional_id`, `email`, `portal_web`, `facebook`, `cont_num_registro`, `logo_reportes`) VALUES
(1021, NULL, 'CEM', 83289, 'asefwegf', '565615', 2, 2, 0, 7, 4, 5, 2, 'f70c68d82e8c042c9e4743526f8be74c.png', '2017-02-09 02:00:00', 7, NULL, NULL, NULL, 0, ''),
(1022, 641, 'CISs', 32, 'werer', '2123', 5, 2, 1, 1, 1, 1, 1, 'C:\\wamp\\tmp\\php2C1E.tmp', '2017-02-13 03:04:00', 10, NULL, NULL, NULL, 4, 'C:\\wamp\\tmp\\php2C1F.tmp'),
(1024, 341, 'Instituto Multidisciplinario', 38287, 'av. blanco galidno', '372774', 2, 2, 0, 0, 0, 0, 0, 'fae119dad9307bb2b068377597103bff.png', '2017-02-16 18:46:08', 4, NULL, NULL, NULL, 0, ''),
(1025, 411, 'abc', 324, 'afdsaf', '32243', 2, 2, 0, 0, 0, 0, 0, 'afd3218d6d3a3a126e88e42d74217637.png', '2017-02-17 05:20:57', 4, NULL, NULL, NULL, 0, ''),
(1026, NULL, 'abew', 32432, 'fasd', '32432', 2, 2, 0, 0, 0, 0, 0, '419124385fb234c34ce223e576ec89a8.jpeg', '2017-02-17 05:41:26', 4, NULL, NULL, NULL, 0, '975ea2d5eb7812b8c5b6e6e8ea7fd625.jpeg'),
(1027, 411, 'Catec', 3284, 'fds', '3243', 3, 3, 0, 0, 0, 0, 0, 'd6c2a6b7bd4f082c02133ff935e8e5eb.jpeg', '2017-02-17 06:45:11', 12, NULL, NULL, NULL, 1, '6b5279335419512fba882fb363caeb2c.jpeg'),
(1028, 221, 'dsafds', 32432, 'fdsa', '32432', 3, 1, 0, 0, 0, 0, 0, '22098da786c9e553ec63bbaa732c1d54.png', '2017-02-23 17:44:57', 10, NULL, NULL, NULL, 0, '80b2190ec54150ee124ef0a69fc7b394.jpeg');

-- --------------------------------------------------------

--
-- Estructura de tabla para la tabla `instituto_cargo`
--

CREATE TABLE `instituto_cargo` (
  `id` int(11) NOT NULL,
  `nombre` varchar(50) COLLATE utf8_unicode_ci NOT NULL
) ENGINE=InnoDB DEFAULT CHARSET=utf8 COLLATE=utf8_unicode_ci;

--
-- Volcado de datos para la tabla `instituto_cargo`
--

INSERT INTO `instituto_cargo` (`id`, `nombre`) VALUES
(1, 'Rector/a Titular'),
(2, 'Rector/a Interino'),
(3, 'Director Académico'),
(4, 'Director(a) administrativo '),
(5, 'Jefe de carrera'),
(6, 'Docente'),
(7, 'Secretaría'),
(8, 'Administrativo'),
(9, 'Otro');

-- --------------------------------------------------------

--
-- Estructura de tabla para la tabla `instituto_carrera`
--

CREATE TABLE `instituto_carrera` (
  `id` int(11) NOT NULL,
  `instituto_id` int(11) DEFAULT NULL,
  `carrera_id` int(11) DEFAULT NULL,
  `gestion` int(11) NOT NULL,
  `intermediacion_laboral` varchar(5) COLLATE utf8_unicode_ci NOT NULL,
  `apoyo_externo` varchar(5) COLLATE utf8_unicode_ci NOT NULL,
  `created_at` datetime NOT NULL,
  `usuario_id` int(11) DEFAULT NULL,
  `carrera_titulacion_tipo_id` int(11) DEFAULT NULL
) ENGINE=InnoDB DEFAULT CHARSET=utf8 COLLATE=utf8_unicode_ci;

--
-- Volcado de datos para la tabla `instituto_carrera`
--

INSERT INTO `instituto_carrera` (`id`, `instituto_id`, `carrera_id`, `gestion`, `intermediacion_laboral`, `apoyo_externo`, `created_at`, `usuario_id`, `carrera_titulacion_tipo_id`) VALUES
(1, 1021, 907, 2010, 'SI', 'NO', '2017-02-05 04:43:21', 2, NULL),
(3, 1027, 204, 2017, 'NO', 'SI', '2017-02-17 06:51:43', 19, NULL),
(5, 1022, NULL, 2015, 'SI', 'SI', '2017-03-01 16:13:44', 2, 6);

-- --------------------------------------------------------

--
-- Estructura de tabla para la tabla `instituto_carrera_titulacion_tipo`
--

CREATE TABLE `instituto_carrera_titulacion_tipo` (
  `id` int(11) NOT NULL,
  `titulacion_tipo_id` int(11) DEFAULT NULL,
  `created_at` datetime NOT NULL,
  `plan_tipo` varchar(15) COLLATE utf8_unicode_ci NOT NULL
) ENGINE=InnoDB DEFAULT CHARSET=utf8 COLLATE=utf8_unicode_ci;

--
-- Volcado de datos para la tabla `instituto_carrera_titulacion_tipo`
--

INSERT INTO `instituto_carrera_titulacion_tipo` (`id`, `titulacion_tipo_id`, `created_at`, `plan_tipo`) VALUES
(2, 2, '2017-02-07 19:20:06', 'Semestral'),
(3, 5, '2017-02-08 18:06:11', 'Anual'),
(4, 4, '2017-02-17 06:52:01', 'Anual');

-- --------------------------------------------------------

--
-- Estructura de tabla para la tabla `instituto_dependencia`
--

CREATE TABLE `instituto_dependencia` (
  `id` int(11) NOT NULL,
  `nombre` varchar(50) COLLATE utf8_unicode_ci NOT NULL
) ENGINE=InnoDB DEFAULT CHARSET=utf8 COLLATE=utf8_unicode_ci;

--
-- Volcado de datos para la tabla `instituto_dependencia`
--

INSERT INTO `instituto_dependencia` (`id`, `nombre`) VALUES
(1, 'Fiscal'),
(2, 'Particular'),
(3, 'Convenio');

-- --------------------------------------------------------

--
-- Estructura de tabla para la tabla `instituto_nivel`
--

CREATE TABLE `instituto_nivel` (
  `id` int(11) NOT NULL,
  `instituto_carrera_id` int(11) DEFAULT NULL,
  `nivel_id` int(11) DEFAULT NULL
) ENGINE=InnoDB DEFAULT CHARSET=utf8 COLLATE=utf8_unicode_ci;

-- --------------------------------------------------------

--
-- Estructura de tabla para la tabla `instituto_paralelo`
--

CREATE TABLE `instituto_paralelo` (
  `id` int(11) NOT NULL,
  `instituto_nivel_id` int(11) DEFAULT NULL,
  `paralelo` varchar(2) COLLATE utf8_unicode_ci NOT NULL,
  `turno` varchar(20) COLLATE utf8_unicode_ci NOT NULL
) ENGINE=InnoDB DEFAULT CHARSET=utf8 COLLATE=utf8_unicode_ci;

-- --------------------------------------------------------

--
-- Estructura de tabla para la tabla `instituto_tipo`
--

CREATE TABLE `instituto_tipo` (
  `id` int(11) NOT NULL,
  `nombre` varchar(100) COLLATE utf8_unicode_ci NOT NULL
) ENGINE=InnoDB DEFAULT CHARSET=utf8 COLLATE=utf8_unicode_ci;

--
-- Volcado de datos para la tabla `instituto_tipo`
--

INSERT INTO `instituto_tipo` (`id`, `nombre`) VALUES
(1, 'Bachillerato Técnico-Humanístico'),
(2, 'Instituto Técnico'),
(3, 'Instituto Tecnológico'),
(4, 'Instituto Técnico y Tecnológico'),
(5, 'Escuela Taller Municipal');

-- --------------------------------------------------------

--
-- Estructura de tabla para la tabla `materia`
--

CREATE TABLE `materia` (
  `id` int(11) NOT NULL,
  `pre_requisito_id` int(11) DEFAULT NULL,
  `carrera_titulacion_tipo_id` int(11) DEFAULT NULL,
  `sigla` varchar(15) COLLATE utf8_unicode_ci NOT NULL,
  `resolucion` varchar(60) COLLATE utf8_unicode_ci DEFAULT NULL,
  `carga_horaria_p` int(11) DEFAULT NULL,
  `carga_horaria_t` int(11) DEFAULT NULL,
  `total_horas` int(11) DEFAULT NULL,
  `ths_cyp` int(11) DEFAULT NULL,
  `ths_cys` int(11) DEFAULT NULL,
  `ths_vtt` int(11) DEFAULT NULL,
  `ths_ctp` int(11) DEFAULT NULL,
  `nombre` varchar(100) COLLATE utf8_unicode_ci NOT NULL,
  `nivel_id` int(11) DEFAULT NULL
) ENGINE=InnoDB DEFAULT CHARSET=utf8 COLLATE=utf8_unicode_ci;

--
-- Volcado de datos para la tabla `materia`
--

INSERT INTO `materia` (`id`, `pre_requisito_id`, `carrera_titulacion_tipo_id`, `sigla`, `resolucion`, `carga_horaria_p`, `carga_horaria_t`, `total_horas`, `ths_cyp`, `ths_cys`, `ths_vtt`, `ths_ctp`, `nombre`, `nivel_id`) VALUES
(3, NULL, 6, 'FIS 1100', 'dska fddfsk', 8, 9, 17, 8, 5, 4, 3, 'Fisica 1', 10),
(4, 3, 6, 'MAT 1100', 'kdf skf', 3, 8, 5, 6, 7, 9, 10, 'Algebra I', 10);

-- --------------------------------------------------------

--
-- Estructura de tabla para la tabla `materia_asignada`
--

CREATE TABLE `materia_asignada` (
  `id` int(11) NOT NULL,
  `docente_id` int(11) DEFAULT NULL,
  `materia_id` int(11) DEFAULT NULL,
  `instituto_carrera_id` int(11) DEFAULT NULL
) ENGINE=InnoDB DEFAULT CHARSET=utf8 COLLATE=utf8_unicode_ci;

--
-- Volcado de datos para la tabla `materia_asignada`
--

INSERT INTO `materia_asignada` (`id`, `docente_id`, `materia_id`, `instituto_carrera_id`) VALUES
(1, NULL, 3, 5),
(2, NULL, 4, 5);

-- --------------------------------------------------------

--
-- Estructura de tabla para la tabla `municipio`
--

CREATE TABLE `municipio` (
  `id` int(11) NOT NULL,
  `provincia_id` int(11) DEFAULT NULL,
  `nombre` varchar(100) COLLATE utf8_unicode_ci NOT NULL
) ENGINE=InnoDB DEFAULT CHARSET=utf8 COLLATE=utf8_unicode_ci;

--
-- Volcado de datos para la tabla `municipio`
--

INSERT INTO `municipio` (`id`, `provincia_id`, `nombre`) VALUES
(111, 11, 'SUCRE'),
(112, 11, 'YOTALA'),
(113, 11, 'POROMA'),
(121, 12, 'AZURDUY'),
(122, 12, 'TARVITA'),
(131, 13, 'ZUDAÑEZ'),
(132, 13, 'PRESTO'),
(133, 13, 'MOJOCOYA'),
(134, 13, 'ICLA'),
(141, 14, 'PADILLA'),
(142, 14, 'TOMINA'),
(143, 14, 'SOPACHUY'),
(144, 14, 'VILLA ALCALÁ'),
(145, 14, 'EL VILLAR'),
(151, 15, 'MONTEAGUDO'),
(152, 15, 'HUACARETA'),
(161, 16, 'TARABUCO'),
(162, 16, 'YAMPARÁEZ'),
(171, 17, 'CAMARGO'),
(172, 17, 'SAN LUCAS'),
(173, 17, 'INCAHUASI'),
(174, 17, 'VILLA CHARCAS'),
(181, 18, 'VILLA SERRANO'),
(191, 19, 'VILLA ABECIA'),
(192, 19, 'CULPINA'),
(193, 19, 'LAS CARRERAS'),
(211, 21, 'LA PAZ'),
(212, 21, 'PALCA'),
(213, 21, 'MECAPACA'),
(214, 21, 'ACHOCALLA'),
(215, 21, 'EL ALTO'),
(221, 22, 'ACHACACHI'),
(222, 22, 'ANCORAIMES'),
(223, 22, 'HUARINA'),
(224, 22, 'SANTIAGO DE HUATA'),
(225, 22, 'HUATAJATA'),
(226, 22, 'CHUA COCANI'),
(231, 23, 'CORO CORO'),
(232, 23, 'CAQUIAVIRI'),
(233, 23, 'CALACOTO'),
(234, 23, 'COMANCHE'),
(235, 23, 'CHARAÑA'),
(236, 23, 'WALDO BALLIVIAN'),
(237, 23, 'NAZACARA DE PACAJES'),
(238, 23, 'CALLAPA'),
(241, 24, 'PUERTO ACOSTA'),
(242, 24, 'MOCOMOCO'),
(243, 24, 'PTO. CARABUCO'),
(244, 24, 'ESCOMA'),
(245, 24, 'HUMANATA'),
(251, 25, 'CHUMA'),
(252, 25, 'AYATA'),
(253, 25, 'AUCAPATA'),
(261, 26, 'SORATA'),
(262, 26, 'GUANAY'),
(263, 26, 'TACACOMA'),
(264, 26, 'QUIABAYA'),
(265, 26, 'COMBAYA'),
(266, 26, 'TIPUANI'),
(267, 26, 'MAPIRI'),
(268, 26, 'TEOPONTE'),
(271, 27, 'APOLO'),
(272, 27, 'PELECHUCO'),
(281, 28, 'VIACHA'),
(282, 28, 'GUAQUI'),
(283, 28, 'TIAHUANACU'),
(284, 28, 'DESAGUADERO'),
(285, 28, 'SAN ANDRÉS DE MACHACA'),
(286, 28, 'JESÚS DE MACHACA'),
(287, 28, 'TARACO'),
(291, 29, 'LURIBAY'),
(292, 29, 'SAPAHAQUI'),
(293, 29, 'YACO'),
(294, 29, 'MALLA'),
(295, 29, 'CAIROMA'),
(311, 31, 'COCHABAMBA'),
(321, 32, 'AIQUILE'),
(322, 32, 'PASORAPA'),
(323, 32, 'OMEREQUE'),
(331, 33, 'INDEPENDENCIA'),
(332, 33, 'MOROCHATA'),
(333, 33, 'COCAPATA'),
(341, 34, 'TARATA'),
(342, 34, 'ANZALDO'),
(343, 34, 'ARBIETO'),
(344, 34, 'SACABAMBA'),
(351, 35, 'ARANI'),
(352, 35, 'VACAS'),
(361, 36, 'ARQUE'),
(362, 36, 'TACOPAYA'),
(371, 37, 'CAPINOTA'),
(372, 37, 'SANTIVAÑEZ'),
(373, 37, 'SICAYA'),
(381, 38, 'CLIZA'),
(382, 38, 'TOKO'),
(383, 38, 'TOLATA'),
(391, 39, 'QUILLACOLLO'),
(392, 39, 'SIPE SIPE'),
(393, 39, 'TIQUIPAYA'),
(394, 39, 'VINTO'),
(395, 39, 'COLCAPIRHUA'),
(411, 41, 'ORURO'),
(412, 41, 'CARACOLLO'),
(413, 41, 'EL CHORO'),
(414, 41, 'SORACACHI'),
(421, 42, 'CHALLAPATA'),
(422, 42, 'QUILLACAS'),
(431, 43, 'CORQUE'),
(432, 43, 'CHOQUE COTA'),
(441, 44, 'CURAHUARA DE CARANGAS'),
(442, 44, 'TURCO'),
(451, 45, 'HUACHACALLA'),
(452, 45, 'ESCARA'),
(453, 45, 'CRUZ DE MACHACAMARCA'),
(454, 45, 'YUNGUYO DE LITORAL'),
(455, 45, 'ESMERALDA'),
(461, 46, 'POOPÓ'),
(462, 46, 'PAZÑA'),
(463, 46, 'ANTEQUERA'),
(471, 47, 'HUANUNI'),
(472, 47, 'MACHACAMARCA'),
(481, 48, 'SALINAS DE GARCÍA MENDOZA'),
(482, 48, 'PAMPA AULLAGAS'),
(491, 49, 'SABAYA'),
(492, 49, 'COIPASA'),
(493, 49, 'CHIPAYA'),
(511, 51, 'POTOSÍ'),
(512, 51, 'TINGUIPAYA'),
(513, 51, 'YOCALLA'),
(514, 51, 'URMIRI'),
(521, 52, 'UNCÍA'),
(522, 52, 'CHAYANTA'),
(523, 52, 'LLALLAGUA'),
(524, 52, 'CHUQUIUTA'),
(531, 53, 'BETANZOS'),
(532, 53, 'CHAQUÍ'),
(533, 53, 'TACOBAMBA'),
(541, 54, 'COLQUECHACA'),
(542, 54, 'RAVELO'),
(543, 54, 'POCOATA'),
(544, 54, 'OCURÍ'),
(551, 55, 'S.P. DE BUENA VISTA'),
(552, 55, 'TORO TORO'),
(561, 56, 'COTAGAITA'),
(562, 56, 'VITICHI'),
(571, 57, 'VILLA DESACACA'),
(572, 57, 'CARIPUYO'),
(581, 58, 'TUPIZA'),
(582, 58, 'ATOCHA'),
(591, 59, 'COLCHA "K"'),
(592, 59, 'SAN PEDRO DE QUEMES'),
(611, 61, 'TARIJA'),
(621, 62, 'PADCAYA'),
(622, 62, 'BERMEJO'),
(631, 63, 'YACUIBA'),
(632, 63, 'CARAPARÍ'),
(633, 63, 'VILLAMONTES'),
(641, 64, 'URIONDO'),
(642, 64, 'YUNCHARÁ'),
(651, 65, 'VILLA SAN LORENZO'),
(652, 65, 'EL PUENTE'),
(661, 66, 'ENTRE RÍOS'),
(711, 71, 'SANTA CRUZ DE LA SIERRA'),
(712, 71, 'COTOCA'),
(713, 71, 'PORONGO'),
(714, 71, 'LA GUARDIA'),
(715, 71, 'EL TORNO'),
(721, 72, 'WARNES'),
(722, 72, 'OKINAWA UNO'),
(731, 73, 'SAN IGNACIO DE VELASCO'),
(732, 73, 'SAN MIGUEL DE VELASCO'),
(733, 73, 'SAN RAFAEL'),
(741, 74, 'BUENA VISTA'),
(742, 74, 'SAN CARLOS'),
(743, 74, 'YAPACANÍ'),
(744, 74, 'SAN JUAN'),
(751, 75, 'SAN JOSÉDE CHIQUITOS'),
(752, 75, 'PAILÓN'),
(753, 75, 'ROBORÉ'),
(761, 76, 'PORTACHUELO'),
(762, 76, 'SANTA ROSA DEL SARA'),
(763, 76, 'COLPA BELGICA'),
(771, 77, 'LAGUNILLAS'),
(772, 77, 'CHARAGUA'),
(773, 77, 'CABEZAS'),
(774, 77, 'CUEVO'),
(775, 77, 'GUTIÉRREZ'),
(776, 77, 'CAMIRI'),
(777, 77, 'BOYUIBE'),
(781, 78, 'VALLEGRANDE'),
(782, 78, 'TRIGAL'),
(783, 78, 'MORO MORO'),
(784, 78, 'POSTRER VALLE'),
(785, 78, 'PUCARA'),
(791, 79, 'SAMAIPATA'),
(792, 79, 'PAMPA GRANDE'),
(793, 79, 'MAIRANA'),
(794, 79, 'QUIRUSILLAS'),
(811, 81, 'TRINIDAD'),
(812, 81, 'SAN JAVIER'),
(821, 82, 'RIBERALTA'),
(822, 82, 'GUAYARAMERÍN'),
(831, 83, 'REYES'),
(832, 83, 'SAN BORJA'),
(833, 83, 'SANTA ROSA'),
(834, 83, 'RURRENABAQUE'),
(841, 84, 'SANTA ANA DE YACUMA'),
(842, 84, 'EXALTACIÓN'),
(851, 85, 'SAN IGNACIO'),
(861, 86, 'LORETO'),
(862, 86, 'SAN ANDRÉS'),
(871, 87, 'SAN JOAQUÍN'),
(872, 87, 'SAN RAMÓN'),
(873, 87, 'PUERTO SILES'),
(881, 88, 'MAGDALENA'),
(882, 88, 'BAURES'),
(883, 88, 'HUACARAJE'),
(911, 91, 'COBIJA'),
(912, 91, 'PORVENIR'),
(913, 91, 'BOLPEBRA'),
(914, 91, 'BELLA FLOR'),
(921, 92, 'PUERTO RICO'),
(922, 92, 'SAN PEDRO'),
(923, 92, 'FILADELFIA'),
(931, 93, 'PUERTO GONZALES MORENO'),
(932, 93, 'SAN LORENZO'),
(933, 93, 'EL SENA'),
(941, 94, 'SANTA ROSA'),
(942, 94, 'INGAVI'),
(951, 95, 'NUEVA ESPERANZA'),
(952, 95, 'VILLA NUEVA (LOMA ALTA'),
(953, 95, 'SANTOS MERCADO'),
(1101, 110, 'VILLA VACA GUZMAN'),
(1102, 110, 'HUACAYA'),
(1103, 110, 'MACHARETÍ'),
(2101, 210, 'INQUISIVI'),
(2102, 210, 'QUIME'),
(2103, 210, 'CAJUATA'),
(2104, 210, 'COLQUIRI'),
(2105, 210, 'ICHOCA'),
(2106, 210, 'VILLA LIBERTAD LICOMA'),
(2111, 211, 'CHULUMANI'),
(2112, 211, 'IRUPANA'),
(2113, 211, 'YANACACHI'),
(2114, 211, 'PALOS BLANCOS'),
(2115, 211, 'LA ASUNTA'),
(2121, 212, 'PUCARANI'),
(2122, 212, 'LAJA'),
(2123, 212, 'BATALLAS'),
(2124, 212, 'PUERTO PÉREZ'),
(2131, 213, 'SICA SICA'),
(2132, 213, 'UMALA'),
(2133, 213, 'AYO AYO'),
(2134, 213, 'CALAMARCA'),
(2135, 213, 'PATACAMAYA'),
(2136, 213, 'COLQUENCHA'),
(2137, 213, 'COLLANA'),
(2141, 214, 'COROICO'),
(2142, 214, 'CORIPATA'),
(2151, 215, 'IXIAMAS'),
(2152, 215, 'SAN BUENAVENTURA'),
(2161, 216, 'CHARAZANI'),
(2162, 216, 'CURVA'),
(2171, 217, 'COPACABANA'),
(2172, 217, 'SAN PEDRO DE TIQUINA'),
(2173, 217, 'TITO YUPANQUI'),
(2181, 218, 'SAN PEDRO CUARAHUARA'),
(2182, 218, 'PAPEL PAMPA'),
(2183, 218, 'CHACARILLA'),
(2191, 219, 'SANTIAGO DE MACHACA'),
(2192, 219, 'CATACORA'),
(2201, 220, 'CARANAVI'),
(2202, 220, 'ALTO BENI'),
(3101, 310, 'SACABA'),
(3102, 310, 'COLOMI'),
(3103, 310, 'VILLA TUNARI'),
(3111, 311, 'TAPACARÍ'),
(3121, 312, 'TOTORA'),
(3122, 312, 'POJO'),
(3123, 312, 'POCONA'),
(3124, 312, 'CHIMORÉ'),
(3125, 312, 'PUERTO VILLARROEL'),
(3126, 312, 'ENTRE RIOS'),
(3131, 313, 'MIZQUE'),
(3132, 313, 'VILA VILA'),
(3133, 313, 'ALALAY'),
(3141, 314, 'PUNATA'),
(3142, 314, 'VILLA RIVERO'),
(3143, 314, 'SAN BENITO'),
(3144, 314, 'TACACHI'),
(3145, 314, 'CUCHUMUELA'),
(3151, 315, 'BOLÍVAR'),
(3161, 316, 'TIRAQUE'),
(3162, 316, 'SHINAHOTA'),
(4101, 410, 'TOLEDO'),
(4111, 411, 'EUCALIPTUS'),
(4121, 412, 'SANTIAGO DE ANDAMARCA'),
(4122, 412, 'BELÉN DE ANDAMARCA'),
(4131, 413, 'SAN PEDRO DE TOTORA'),
(4141, 414, 'HUARI'),
(4151, 415, 'LA RIVERA'),
(4152, 415, 'TODOS SANTOS'),
(4153, 415, 'CARANGAS'),
(4161, 416, 'HUAYLLAMARCA'),
(5101, 510, 'SAN PABLO DE LIPEZ'),
(5102, 510, 'MOJINETE'),
(5103, 510, 'SAN ANTONIO DE ESMORUCO'),
(5111, 511, 'PUNA'),
(5112, 511, 'CAIZA "D"'),
(5113, 511, 'CKOCHAS'),
(5121, 512, 'UYUNI'),
(5122, 512, 'TOMAVE'),
(5123, 512, 'PORCO'),
(5131, 513, 'ARAMPAMPA'),
(5132, 513, 'ACASIO'),
(5141, 514, 'LLICA'),
(5142, 514, 'TAHUA'),
(5151, 515, 'VILLAZÓN'),
(5161, 516, 'SAN AGUSTÍN'),
(7101, 710, 'MONTERO'),
(7102, 710, 'GRAL. SAAVEDRA'),
(7103, 710, 'MINEROS'),
(7104, 710, 'FERNÁNDEZ ALONSO'),
(7105, 710, 'SAN PEDRO'),
(7111, 711, 'CONCEPCIÓN'),
(7112, 711, 'SAN JAVIER'),
(7113, 711, 'SAN RAMÓN'),
(7114, 711, 'SAN JULIÁN'),
(7115, 711, 'SAN ANTONIO DE LOMERÍO'),
(7116, 711, 'CUATRO CAÑADAS'),
(7121, 712, 'SAN MATÍAS'),
(7131, 713, 'COMARAPA'),
(7132, 713, 'SAIPINA'),
(7141, 714, 'PUERTO SUAREZ'),
(7142, 714, 'PUERTO QUIJARRO'),
(7143, 714, 'CARMEN RIVERO TORREZ'),
(7151, 715, 'ASCENSIÓN DE GUARAYOS'),
(7152, 715, 'URUBICHÁ'),
(7153, 715, 'EL PUENTE');

-- --------------------------------------------------------

--
-- Estructura de tabla para la tabla `nivel`
--

CREATE TABLE `nivel` (
  `id` int(11) NOT NULL,
  `carrera_titulacion_tipo_id` int(11) DEFAULT NULL,
  `nombre` varchar(50) COLLATE utf8_unicode_ci NOT NULL
) ENGINE=InnoDB DEFAULT CHARSET=utf8 COLLATE=utf8_unicode_ci;

--
-- Volcado de datos para la tabla `nivel`
--

INSERT INTO `nivel` (`id`, `carrera_titulacion_tipo_id`, `nombre`) VALUES
(10, 6, '1er. semestre'),
(11, 6, '2do. semestre'),
(12, 6, '4to. semestre');

-- --------------------------------------------------------

--
-- Estructura de tabla para la tabla `periodo`
--

CREATE TABLE `periodo` (
  `id` int(11) NOT NULL,
  `instituto_id` int(11) DEFAULT NULL,
  `inicio` time NOT NULL,
  `final` time NOT NULL
) ENGINE=InnoDB DEFAULT CHARSET=utf8 COLLATE=utf8_unicode_ci;

--
-- Volcado de datos para la tabla `periodo`
--

INSERT INTO `periodo` (`id`, `instituto_id`, `inicio`, `final`) VALUES
(1, 1022, '08:30:00', '10:00:00');

-- --------------------------------------------------------

--
-- Estructura de tabla para la tabla `preinscripcion`
--

CREATE TABLE `preinscripcion` (
  `id` int(11) NOT NULL,
  `instituto_id` int(11) DEFAULT NULL,
  `paterno` varchar(255) COLLATE utf8_unicode_ci NOT NULL,
  `materno` varchar(255) COLLATE utf8_unicode_ci NOT NULL,
  `nombres` varchar(255) COLLATE utf8_unicode_ci NOT NULL,
  `nacio_municipio` varchar(10) COLLATE utf8_unicode_ci NOT NULL,
  `fecha_nac` date NOT NULL,
  `edad` int(11) NOT NULL,
  `sexo` varchar(10) COLLATE utf8_unicode_ci NOT NULL,
  `ci` varchar(30) COLLATE utf8_unicode_ci NOT NULL,
  `exp` varchar(50) COLLATE utf8_unicode_ci NOT NULL,
  `celular` varchar(10) COLLATE utf8_unicode_ci DEFAULT NULL,
  `telefono` varchar(15) COLLATE utf8_unicode_ci DEFAULT NULL,
  `email` varchar(255) COLLATE utf8_unicode_ci DEFAULT NULL,
  `facebook` varchar(255) COLLATE utf8_unicode_ci DEFAULT NULL,
  `zona` varchar(255) COLLATE utf8_unicode_ci NOT NULL,
  `calle` varchar(255) COLLATE utf8_unicode_ci NOT NULL,
  `modalidad_ingreso` varchar(255) COLLATE utf8_unicode_ci NOT NULL,
  `vive_madre` varchar(10) COLLATE utf8_unicode_ci NOT NULL,
  `nombre_madre` varchar(255) COLLATE utf8_unicode_ci DEFAULT NULL,
  `telefono_madre` varchar(255) COLLATE utf8_unicode_ci DEFAULT NULL,
  `vive_padre` varchar(10) COLLATE utf8_unicode_ci NOT NULL,
  `nombre_padre` varchar(255) COLLATE utf8_unicode_ci DEFAULT NULL,
  `telefono_padre` varchar(255) COLLATE utf8_unicode_ci DEFAULT NULL,
  `vive_tutor` varchar(10) COLLATE utf8_unicode_ci NOT NULL,
  `nombre_tutor` varchar(255) COLLATE utf8_unicode_ci DEFAULT NULL,
  `telefono_tutor` varchar(255) COLLATE utf8_unicode_ci DEFAULT NULL,
  `nombre_referencia` varchar(255) COLLATE utf8_unicode_ci NOT NULL,
  `telefono_referencia` varchar(255) COLLATE utf8_unicode_ci DEFAULT NULL,
  `banco` varchar(255) COLLATE utf8_unicode_ci NOT NULL,
  `numero_deposito` int(11) DEFAULT NULL,
  `monto` decimal(10,0) NOT NULL,
  `doc_diploma` tinyint(1) DEFAULT NULL,
  `doc_ci` tinyint(1) DEFAULT NULL,
  `doc_boleta` tinyint(1) DEFAULT NULL,
  `doc_fotos` tinyint(1) DEFAULT NULL,
  `idiomas` varchar(255) COLLATE utf8_unicode_ci NOT NULL,
  `nivel_instruccion` varchar(255) COLLATE utf8_unicode_ci NOT NULL,
  `estado_civil` varchar(255) COLLATE utf8_unicode_ci NOT NULL,
  `tiene_hijos` varchar(5) COLLATE utf8_unicode_ci NOT NULL,
  `num_hijos` int(11) DEFAULT NULL,
  `expec1` varchar(5) COLLATE utf8_unicode_ci NOT NULL,
  `expec2` varchar(50) COLLATE utf8_unicode_ci NOT NULL,
  `expec3` varchar(5) COLLATE utf8_unicode_ci NOT NULL,
  `expec4` varchar(5) COLLATE utf8_unicode_ci NOT NULL,
  `trabajo_pagado` varchar(10) COLLATE utf8_unicode_ci NOT NULL,
  `nombre_trabajo` varchar(255) COLLATE utf8_unicode_ci DEFAULT NULL,
  `sector_trabajo` varchar(255) COLLATE utf8_unicode_ci DEFAULT NULL,
  `tiempo_trabajo` varchar(255) COLLATE utf8_unicode_ci DEFAULT NULL,
  `trabajo_relacionado` varchar(10) COLLATE utf8_unicode_ci DEFAULT NULL,
  `trabajo_permanente` varchar(255) COLLATE utf8_unicode_ci DEFAULT NULL,
  `dias_trabajo` int(11) DEFAULT NULL,
  `horas_trabajo` int(11) DEFAULT NULL,
  `monto_trabajo` decimal(10,0) DEFAULT NULL,
  `calidad_trabajo` varchar(255) COLLATE utf8_unicode_ci DEFAULT NULL,
  `instituto_carrera_id` int(11) DEFAULT NULL,
  `doc_nacimiento` tinyint(1) DEFAULT NULL,
  `actividad_trabajo` varchar(100) COLLATE utf8_unicode_ci DEFAULT NULL,
  `instituto_paralelo_id` int(11) DEFAULT NULL,
  `municipio_id` int(11) DEFAULT NULL,
  `regional_id` int(11) DEFAULT NULL,
  `created_at` datetime DEFAULT NULL,
  `estudiante_id` int(11) DEFAULT NULL
) ENGINE=InnoDB DEFAULT CHARSET=utf8 COLLATE=utf8_unicode_ci;

-- --------------------------------------------------------

--
-- Estructura de tabla para la tabla `provincia`
--

CREATE TABLE `provincia` (
  `id` int(11) NOT NULL,
  `departamento_id` int(11) DEFAULT NULL,
  `nombre` varchar(100) COLLATE utf8_unicode_ci NOT NULL
) ENGINE=InnoDB DEFAULT CHARSET=utf8 COLLATE=utf8_unicode_ci;

--
-- Volcado de datos para la tabla `provincia`
--

INSERT INTO `provincia` (`id`, `departamento_id`, `nombre`) VALUES
(11, 1, 'OROPEZA'),
(12, 1, 'AZURDUY'),
(13, 1, 'ZUDAÑEZ'),
(14, 1, 'TOMINA'),
(15, 1, 'HERNANDO SILES'),
(16, 1, 'YAMPARAEZ'),
(17, 1, 'NOR CINTI'),
(18, 1, 'BELISARIO BOETO'),
(19, 1, 'SUD CINTI'),
(21, 2, 'MURILLO'),
(22, 2, 'OMASUYOS'),
(23, 2, 'PACAJES'),
(24, 2, 'CAMACHO'),
(25, 2, 'MUÑECAS'),
(26, 2, 'LARECAJA'),
(27, 2, 'FRANZ TAMAYO'),
(28, 2, 'INGAVI'),
(29, 2, 'LOAYZA'),
(31, 3, 'CERCADO'),
(32, 3, 'CAMPERO'),
(33, 3, 'AYOPAYA'),
(34, 3, 'ESTEBAN ARCE'),
(35, 3, 'ARANI'),
(36, 3, 'ARQUE'),
(37, 3, 'CAPINOTA'),
(38, 3, 'GERMAN JORDÁN'),
(39, 3, 'QUILLACOLLO'),
(41, 4, 'CERCADO'),
(42, 4, 'EDUARDO AVAROA'),
(43, 4, 'CARANGAS'),
(44, 4, 'SAJAMA'),
(45, 4, 'LITORAL DE ATACAMA'),
(46, 4, 'POOPO'),
(47, 4, 'PANTALEON DALENCE'),
(48, 4, 'LADISLAO CABRERA'),
(49, 4, 'ATAHUALLPA'),
(51, 5, 'TOMAS FRIAS'),
(52, 5, 'RAFAEL BUSTILLO'),
(53, 5, 'CORNELIO SAAVEDRA'),
(54, 5, 'CHAYANTA'),
(55, 5, 'CHARCAS'),
(56, 5, 'NOR CHICHAS'),
(57, 5, 'ALONSO DE IBAÑEZ'),
(58, 5, 'SUR CHICHAS'),
(59, 5, 'NOR LÍPEZ'),
(61, 6, 'CERCADO'),
(62, 6, 'ANICETO ARCE'),
(63, 6, 'GRAN CHACO'),
(64, 6, 'AVILES'),
(65, 6, 'MÉNDEZ'),
(66, 6, 'BURNET O\' OCONNOR'),
(71, 7, 'ANDRÉS IBAÑEZ'),
(72, 7, 'WARNES'),
(73, 7, 'VELASCO'),
(74, 7, 'ICHILO'),
(75, 7, 'CHIQUITOS'),
(76, 7, 'SARA'),
(77, 7, 'CORDILLERA'),
(78, 7, 'VALLEGRANDE'),
(79, 7, 'FLORIDA'),
(81, 8, 'CERCADO'),
(82, 8, 'VACA DIEZ'),
(83, 8, 'JOSÉ BALLIVIÁN'),
(84, 8, 'YACUMA'),
(85, 8, 'MOXOS'),
(86, 8, 'MARBAN'),
(87, 8, 'MAMORE'),
(88, 8, 'ITENEZ'),
(91, 9, 'NICOLÁS SUÁREZ'),
(92, 9, 'MANURIPI'),
(93, 9, 'MADRE DE DIOS'),
(94, 9, 'ABUNA'),
(95, 9, 'FEDERICO ROMÁN'),
(110, 1, 'LUIS CALVO'),
(210, 2, 'INQUISIVI'),
(211, 2, 'SUD YUNGAS'),
(212, 2, 'LOS ANDES'),
(213, 2, 'AROMA'),
(214, 2, 'NOR YUNGAS'),
(215, 2, 'ABEL ITURRALDE'),
(216, 2, 'BAUTISTA SAAVEDRA'),
(217, 2, 'MANCO KAPAC'),
(218, 2, 'GUALBERTO VILLARROEL'),
(219, 2, 'JOSÉ MANUEL PANDO'),
(220, 2, 'CARANAVI'),
(310, 3, 'CHAPARE'),
(311, 3, 'TAPACARÍ'),
(312, 3, 'CARRASCO'),
(313, 3, 'MIZQUE'),
(314, 3, 'PUNATA'),
(315, 3, 'BOLÍVAR'),
(316, 3, 'TIRAQUE'),
(410, 4, 'SAUCARI'),
(411, 4, 'TOMAS BARRON'),
(412, 4, 'SUD CARANGAS'),
(413, 4, 'SAN PEDRO DE TOTORA'),
(414, 4, 'SEBASTIÁN PAGADOR'),
(415, 4, 'PUERTO DE MEJILLONES'),
(416, 4, 'NOR CARANGAS'),
(510, 5, 'SUR LÍPEZ'),
(511, 5, 'JOSÉ MARIA LINARES'),
(512, 5, 'ANTONIO QUIJARRO'),
(513, 5, 'BERNARDINO BILBAO RIOJA'),
(514, 5, 'DANIEL CAMPOS'),
(515, 5, 'MODESTO OMISTE'),
(516, 5, 'ENRIQUE BALDIVIESO'),
(710, 7, 'OBISPO SANTIESTEVAN'),
(711, 7, 'ÑUFLO DE CHÁVEZ'),
(712, 7, 'ANGEL SANDOVAL'),
(713, 7, 'MANUEL MARIA CABALLERO'),
(714, 7, 'GERMAN BUSCH'),
(715, 7, 'GUARAYOS');

-- --------------------------------------------------------

--
-- Estructura de tabla para la tabla `regional`
--

CREATE TABLE `regional` (
  `id` int(11) NOT NULL,
  `nombre` varchar(40) COLLATE utf8_unicode_ci NOT NULL,
  `departamento_id` int(11) DEFAULT NULL
) ENGINE=InnoDB DEFAULT CHARSET=utf8 COLLATE=utf8_unicode_ci;

--
-- Volcado de datos para la tabla `regional`
--

INSERT INTO `regional` (`id`, `nombre`, `departamento_id`) VALUES
(2, 'El Alto', NULL),
(3, 'Oruro', NULL),
(4, 'Cochabamba', NULL),
(5, 'Potosí', NULL),
(6, 'Sucre', NULL),
(7, 'Tarija', NULL),
(9, 're gio nal 1 lpz', 2),
(10, 'La Paz', 2),
(11, 'warnes', 7),
(12, 'Oruro', 4);

-- --------------------------------------------------------

--
-- Estructura de tabla para la tabla `titulacion_tipo`
--

CREATE TABLE `titulacion_tipo` (
  `id` int(11) NOT NULL,
  `nombre` varchar(100) COLLATE utf8_unicode_ci NOT NULL
) ENGINE=InnoDB DEFAULT CHARSET=utf8 COLLATE=utf8_unicode_ci;

--
-- Volcado de datos para la tabla `titulacion_tipo`
--

INSERT INTO `titulacion_tipo` (`id`, `nombre`) VALUES
(1, 'Técnico Auxiliar'),
(2, 'Técnico Operario'),
(3, 'Técnico Medio'),
(4, 'Técnico Superior'),
(5, 'Capacitación básica');

--
-- Índices para tablas volcadas
--

--
-- Indices de la tabla `area_productiva`
--
ALTER TABLE `area_productiva`
  ADD PRIMARY KEY (`id`);

--
-- Indices de la tabla `aula`
--
ALTER TABLE `aula`
  ADD PRIMARY KEY (`id`),
  ADD KEY `IDX_31990A46C6EF28` (`instituto_id`);

--
-- Indices de la tabla `carrera`
--
ALTER TABLE `carrera`
  ADD PRIMARY KEY (`id`),
  ADD KEY `IDX_CF1ECD30C069E9E1` (`area_productiva_id`);

--
-- Indices de la tabla `carrera_titulacion_tipo`
--
ALTER TABLE `carrera_titulacion_tipo`
  ADD PRIMARY KEY (`id`),
  ADD KEY `IDX_B658DA30C671B40F` (`carrera_id`),
  ADD KEY `IDX_B658DA30841C9A40` (`titulacion_tipo_id`);

--
-- Indices de la tabla `departamento`
--
ALTER TABLE `departamento`
  ADD PRIMARY KEY (`id`);

--
-- Indices de la tabla `docente`
--
ALTER TABLE `docente`
  ADD PRIMARY KEY (`id`),
  ADD UNIQUE KEY `UNIQ_FD9FCFA4DB38439E` (`usuario_id`),
  ADD KEY `IDX_FD9FCFA46C6EF28` (`instituto_id`),
  ADD KEY `IDX_FD9FCFA458BC1BE0` (`municipio_id`);

--
-- Indices de la tabla `docentes_carreras`
--
ALTER TABLE `docentes_carreras`
  ADD PRIMARY KEY (`docente_id`,`carrera_id`),
  ADD KEY `IDX_3FE17D3F94E27525` (`docente_id`),
  ADD KEY `IDX_3FE17D3FC671B40F` (`carrera_id`);

--
-- Indices de la tabla `estudiante`
--
ALTER TABLE `estudiante`
  ADD PRIMARY KEY (`id`),
  ADD UNIQUE KEY `UNIQ_3B3F3FADDB38439E` (`usuario_id`),
  ADD KEY `IDX_3B3F3FADE039A55` (`regional_id`),
  ADD KEY `IDX_3B3F3FAD6C6EF28` (`instituto_id`),
  ADD KEY `IDX_3B3F3FADFB2E5B16` (`instituto_carrera_id`),
  ADD KEY `IDX_3B3F3FADBF6AE94B` (`instituto_paralelo_id`),
  ADD KEY `IDX_3B3F3FAD58BC1BE0` (`municipio_id`);

--
-- Indices de la tabla `horario`
--
ALTER TABLE `horario`
  ADD PRIMARY KEY (`id`),
  ADD KEY `IDX_E25853A3AD1A1255` (`aula_id`),
  ADD KEY `IDX_E25853A39C3921AB` (`periodo_id`),
  ADD KEY `IDX_E25853A338A86B2` (`materia_asignada_id`);

--
-- Indices de la tabla `instituto`
--
ALTER TABLE `instituto`
  ADD PRIMARY KEY (`id`),
  ADD KEY `IDX_2A805CCE58BC1BE0` (`municipio_id`),
  ADD KEY `IDX_2A805CCEC3F77AAA` (`instituto_tipo_id`),
  ADD KEY `IDX_2A805CCE35C0B0B4` (`instituto_dependencia_id`),
  ADD KEY `IDX_2A805CCEE039A55` (`regional_id`);

--
-- Indices de la tabla `instituto_cargo`
--
ALTER TABLE `instituto_cargo`
  ADD PRIMARY KEY (`id`);

--
-- Indices de la tabla `instituto_carrera`
--
ALTER TABLE `instituto_carrera`
  ADD PRIMARY KEY (`id`),
  ADD KEY `IDX_A5CED9F66C6EF28` (`instituto_id`),
  ADD KEY `IDX_A5CED9F6C671B40F` (`carrera_id`),
  ADD KEY `IDX_A5CED9F6DB38439E` (`usuario_id`),
  ADD KEY `IDX_A5CED9F65C4DD445` (`carrera_titulacion_tipo_id`);

--
-- Indices de la tabla `instituto_carrera_titulacion_tipo`
--
ALTER TABLE `instituto_carrera_titulacion_tipo`
  ADD PRIMARY KEY (`id`),
  ADD KEY `IDX_C980CAF1841C9A40` (`titulacion_tipo_id`);

--
-- Indices de la tabla `instituto_dependencia`
--
ALTER TABLE `instituto_dependencia`
  ADD PRIMARY KEY (`id`);

--
-- Indices de la tabla `instituto_nivel`
--
ALTER TABLE `instituto_nivel`
  ADD PRIMARY KEY (`id`),
  ADD KEY `IDX_2E46E454FB2E5B16` (`instituto_carrera_id`),
  ADD KEY `IDX_2E46E454DA3426AE` (`nivel_id`);

--
-- Indices de la tabla `instituto_paralelo`
--
ALTER TABLE `instituto_paralelo`
  ADD PRIMARY KEY (`id`),
  ADD KEY `IDX_5FCF551CA859913F` (`instituto_nivel_id`);

--
-- Indices de la tabla `instituto_tipo`
--
ALTER TABLE `instituto_tipo`
  ADD PRIMARY KEY (`id`);

--
-- Indices de la tabla `materia`
--
ALTER TABLE `materia`
  ADD PRIMARY KEY (`id`),
  ADD KEY `IDX_6DF052843A064F90` (`pre_requisito_id`),
  ADD KEY `IDX_6DF052845C4DD445` (`carrera_titulacion_tipo_id`),
  ADD KEY `IDX_6DF05284DA3426AE` (`nivel_id`);

--
-- Indices de la tabla `materia_asignada`
--
ALTER TABLE `materia_asignada`
  ADD PRIMARY KEY (`id`),
  ADD KEY `IDX_DBAC58BA94E27525` (`docente_id`),
  ADD KEY `IDX_DBAC58BAB54DBBCB` (`materia_id`),
  ADD KEY `IDX_DBAC58BAFB2E5B16` (`instituto_carrera_id`);

--
-- Indices de la tabla `municipio`
--
ALTER TABLE `municipio`
  ADD PRIMARY KEY (`id`),
  ADD KEY `IDX_FE98F5E04E7121AF` (`provincia_id`);

--
-- Indices de la tabla `nivel`
--
ALTER TABLE `nivel`
  ADD PRIMARY KEY (`id`),
  ADD KEY `IDX_AAFC20CB5C4DD445` (`carrera_titulacion_tipo_id`);

--
-- Indices de la tabla `periodo`
--
ALTER TABLE `periodo`
  ADD PRIMARY KEY (`id`),
  ADD KEY `IDX_7316C4ED6C6EF28` (`instituto_id`);

--
-- Indices de la tabla `preinscripcion`
--
ALTER TABLE `preinscripcion`
  ADD PRIMARY KEY (`id`),
  ADD UNIQUE KEY `UNIQ_A954304959590C39` (`estudiante_id`),
  ADD KEY `IDX_A95430496C6EF28` (`instituto_id`),
  ADD KEY `IDX_A9543049FB2E5B16` (`instituto_carrera_id`),
  ADD KEY `IDX_A9543049BF6AE94B` (`instituto_paralelo_id`),
  ADD KEY `IDX_A954304958BC1BE0` (`municipio_id`),
  ADD KEY `IDX_A9543049E039A55` (`regional_id`);

--
-- Indices de la tabla `provincia`
--
ALTER TABLE `provincia`
  ADD PRIMARY KEY (`id`),
  ADD KEY `IDX_D39AF2135A91C08D` (`departamento_id`);

--
-- Indices de la tabla `regional`
--
ALTER TABLE `regional`
  ADD PRIMARY KEY (`id`),
  ADD KEY `IDX_CAE476F25A91C08D` (`departamento_id`);

--
-- Indices de la tabla `titulacion_tipo`
--
ALTER TABLE `titulacion_tipo`
  ADD PRIMARY KEY (`id`);

--
-- AUTO_INCREMENT de las tablas volcadas
--

--
-- AUTO_INCREMENT de la tabla `area_productiva`
--
ALTER TABLE `area_productiva`
  MODIFY `id` int(11) NOT NULL AUTO_INCREMENT, AUTO_INCREMENT=11;
--
-- AUTO_INCREMENT de la tabla `aula`
--
ALTER TABLE `aula`
  MODIFY `id` int(11) NOT NULL AUTO_INCREMENT, AUTO_INCREMENT=2;
--
-- AUTO_INCREMENT de la tabla `carrera`
--
ALTER TABLE `carrera`
  MODIFY `id` int(11) NOT NULL AUTO_INCREMENT, AUTO_INCREMENT=910;
--
-- AUTO_INCREMENT de la tabla `carrera_titulacion_tipo`
--
ALTER TABLE `carrera_titulacion_tipo`
  MODIFY `id` int(11) NOT NULL AUTO_INCREMENT, AUTO_INCREMENT=7;
--
-- AUTO_INCREMENT de la tabla `departamento`
--
ALTER TABLE `departamento`
  MODIFY `id` int(11) NOT NULL AUTO_INCREMENT, AUTO_INCREMENT=16;
--
-- AUTO_INCREMENT de la tabla `docente`
--
ALTER TABLE `docente`
  MODIFY `id` int(11) NOT NULL AUTO_INCREMENT, AUTO_INCREMENT=4;
--
-- AUTO_INCREMENT de la tabla `estudiante`
--
ALTER TABLE `estudiante`
  MODIFY `id` int(11) NOT NULL AUTO_INCREMENT, AUTO_INCREMENT=6;
--
-- AUTO_INCREMENT de la tabla `horario`
--
ALTER TABLE `horario`
  MODIFY `id` int(11) NOT NULL AUTO_INCREMENT;
--
-- AUTO_INCREMENT de la tabla `instituto`
--
ALTER TABLE `instituto`
  MODIFY `id` int(11) NOT NULL AUTO_INCREMENT, AUTO_INCREMENT=1029;
--
-- AUTO_INCREMENT de la tabla `instituto_cargo`
--
ALTER TABLE `instituto_cargo`
  MODIFY `id` int(11) NOT NULL AUTO_INCREMENT, AUTO_INCREMENT=10;
--
-- AUTO_INCREMENT de la tabla `instituto_carrera`
--
ALTER TABLE `instituto_carrera`
  MODIFY `id` int(11) NOT NULL AUTO_INCREMENT, AUTO_INCREMENT=6;
--
-- AUTO_INCREMENT de la tabla `instituto_carrera_titulacion_tipo`
--
ALTER TABLE `instituto_carrera_titulacion_tipo`
  MODIFY `id` int(11) NOT NULL AUTO_INCREMENT, AUTO_INCREMENT=5;
--
-- AUTO_INCREMENT de la tabla `instituto_dependencia`
--
ALTER TABLE `instituto_dependencia`
  MODIFY `id` int(11) NOT NULL AUTO_INCREMENT, AUTO_INCREMENT=4;
--
-- AUTO_INCREMENT de la tabla `instituto_nivel`
--
ALTER TABLE `instituto_nivel`
  MODIFY `id` int(11) NOT NULL AUTO_INCREMENT, AUTO_INCREMENT=7;
--
-- AUTO_INCREMENT de la tabla `instituto_paralelo`
--
ALTER TABLE `instituto_paralelo`
  MODIFY `id` int(11) NOT NULL AUTO_INCREMENT, AUTO_INCREMENT=13;
--
-- AUTO_INCREMENT de la tabla `instituto_tipo`
--
ALTER TABLE `instituto_tipo`
  MODIFY `id` int(11) NOT NULL AUTO_INCREMENT, AUTO_INCREMENT=6;
--
-- AUTO_INCREMENT de la tabla `materia`
--
ALTER TABLE `materia`
  MODIFY `id` int(11) NOT NULL AUTO_INCREMENT, AUTO_INCREMENT=5;
--
-- AUTO_INCREMENT de la tabla `materia_asignada`
--
ALTER TABLE `materia_asignada`
  MODIFY `id` int(11) NOT NULL AUTO_INCREMENT, AUTO_INCREMENT=3;
--
-- AUTO_INCREMENT de la tabla `municipio`
--
ALTER TABLE `municipio`
  MODIFY `id` int(11) NOT NULL AUTO_INCREMENT, AUTO_INCREMENT=7154;
--
-- AUTO_INCREMENT de la tabla `nivel`
--
ALTER TABLE `nivel`
  MODIFY `id` int(11) NOT NULL AUTO_INCREMENT, AUTO_INCREMENT=13;
--
-- AUTO_INCREMENT de la tabla `periodo`
--
ALTER TABLE `periodo`
  MODIFY `id` int(11) NOT NULL AUTO_INCREMENT, AUTO_INCREMENT=2;
--
-- AUTO_INCREMENT de la tabla `preinscripcion`
--
ALTER TABLE `preinscripcion`
  MODIFY `id` int(11) NOT NULL AUTO_INCREMENT;
--
-- AUTO_INCREMENT de la tabla `provincia`
--
ALTER TABLE `provincia`
  MODIFY `id` int(11) NOT NULL AUTO_INCREMENT, AUTO_INCREMENT=716;
--
-- AUTO_INCREMENT de la tabla `regional`
--
ALTER TABLE `regional`
  MODIFY `id` int(11) NOT NULL AUTO_INCREMENT, AUTO_INCREMENT=13;
--
-- AUTO_INCREMENT de la tabla `titulacion_tipo`
--
ALTER TABLE `titulacion_tipo`
  MODIFY `id` int(11) NOT NULL AUTO_INCREMENT, AUTO_INCREMENT=6;
--
-- Restricciones para tablas volcadas
--

--
-- Filtros para la tabla `aula`
--
ALTER TABLE `aula`
  ADD CONSTRAINT `FK_31990A46C6EF28` FOREIGN KEY (`instituto_id`) REFERENCES `instituto` (`id`);

--
-- Filtros para la tabla `carrera`
--
ALTER TABLE `carrera`
  ADD CONSTRAINT `FK_CF1ECD30C069E9E1` FOREIGN KEY (`area_productiva_id`) REFERENCES `area_productiva` (`id`);

--
-- Filtros para la tabla `carrera_titulacion_tipo`
--
ALTER TABLE `carrera_titulacion_tipo`
  ADD CONSTRAINT `FK_B658DA30841C9A40` FOREIGN KEY (`titulacion_tipo_id`) REFERENCES `titulacion_tipo` (`id`),
  ADD CONSTRAINT `FK_B658DA30C671B40F` FOREIGN KEY (`carrera_id`) REFERENCES `carrera` (`id`);

--
-- Filtros para la tabla `docente`
--
ALTER TABLE `docente`
  ADD CONSTRAINT `FK_FD9FCFA458BC1BE0` FOREIGN KEY (`municipio_id`) REFERENCES `municipio` (`id`),
  ADD CONSTRAINT `FK_FD9FCFA46C6EF28` FOREIGN KEY (`instituto_id`) REFERENCES `instituto` (`id`),
  ADD CONSTRAINT `FK_FD9FCFA4DB38439E` FOREIGN KEY (`usuario_id`) REFERENCES `usuario` (`id`);

--
-- Filtros para la tabla `docentes_carreras`
--
ALTER TABLE `docentes_carreras`
  ADD CONSTRAINT `FK_3FE17D3F94E27525` FOREIGN KEY (`docente_id`) REFERENCES `docente` (`id`),
  ADD CONSTRAINT `FK_3FE17D3FC671B40F` FOREIGN KEY (`carrera_id`) REFERENCES `carrera` (`id`);

--
-- Filtros para la tabla `estudiante`
--
ALTER TABLE `estudiante`
  ADD CONSTRAINT `FK_3B3F3FAD58BC1BE0` FOREIGN KEY (`municipio_id`) REFERENCES `municipio` (`id`),
  ADD CONSTRAINT `FK_3B3F3FAD6C6EF28` FOREIGN KEY (`instituto_id`) REFERENCES `instituto` (`id`),
  ADD CONSTRAINT `FK_3B3F3FADBF6AE94B` FOREIGN KEY (`instituto_paralelo_id`) REFERENCES `instituto_paralelo` (`id`),
  ADD CONSTRAINT `FK_3B3F3FADDB38439E` FOREIGN KEY (`usuario_id`) REFERENCES `usuario` (`id`),
  ADD CONSTRAINT `FK_3B3F3FADE039A55` FOREIGN KEY (`regional_id`) REFERENCES `regional` (`id`),
  ADD CONSTRAINT `FK_3B3F3FADFB2E5B16` FOREIGN KEY (`instituto_carrera_id`) REFERENCES `instituto_carrera` (`id`);

--
-- Filtros para la tabla `horario`
--
ALTER TABLE `horario`
  ADD CONSTRAINT `FK_E25853A338A86B2` FOREIGN KEY (`materia_asignada_id`) REFERENCES `materia_asignada` (`id`),
  ADD CONSTRAINT `FK_E25853A39C3921AB` FOREIGN KEY (`periodo_id`) REFERENCES `periodo` (`id`),
  ADD CONSTRAINT `FK_E25853A3AD1A1255` FOREIGN KEY (`aula_id`) REFERENCES `aula` (`id`);

--
-- Filtros para la tabla `instituto`
--
ALTER TABLE `instituto`
  ADD CONSTRAINT `FK_2A805CCE35C0B0B4` FOREIGN KEY (`instituto_dependencia_id`) REFERENCES `instituto_dependencia` (`id`),
  ADD CONSTRAINT `FK_2A805CCE58BC1BE0` FOREIGN KEY (`municipio_id`) REFERENCES `municipio` (`id`),
  ADD CONSTRAINT `FK_2A805CCEC3F77AAA` FOREIGN KEY (`instituto_tipo_id`) REFERENCES `instituto_tipo` (`id`),
  ADD CONSTRAINT `FK_2A805CCEE039A55` FOREIGN KEY (`regional_id`) REFERENCES `regional` (`id`);

--
-- Filtros para la tabla `instituto_carrera`
--
ALTER TABLE `instituto_carrera`
  ADD CONSTRAINT `FK_A5CED9F65C4DD445` FOREIGN KEY (`carrera_titulacion_tipo_id`) REFERENCES `carrera_titulacion_tipo` (`id`),
  ADD CONSTRAINT `FK_A5CED9F66C6EF28` FOREIGN KEY (`instituto_id`) REFERENCES `instituto` (`id`),
  ADD CONSTRAINT `FK_A5CED9F6C671B40F` FOREIGN KEY (`carrera_id`) REFERENCES `carrera` (`id`),
  ADD CONSTRAINT `FK_A5CED9F6DB38439E` FOREIGN KEY (`usuario_id`) REFERENCES `usuario` (`id`);

--
-- Filtros para la tabla `instituto_carrera_titulacion_tipo`
--
ALTER TABLE `instituto_carrera_titulacion_tipo`
  ADD CONSTRAINT `FK_C980CAF1841C9A40` FOREIGN KEY (`titulacion_tipo_id`) REFERENCES `titulacion_tipo` (`id`);

--
-- Filtros para la tabla `instituto_nivel`
--
ALTER TABLE `instituto_nivel`
  ADD CONSTRAINT `FK_2E46E454DA3426AE` FOREIGN KEY (`nivel_id`) REFERENCES `nivel` (`id`),
  ADD CONSTRAINT `FK_2E46E454FB2E5B16` FOREIGN KEY (`instituto_carrera_id`) REFERENCES `instituto_carrera` (`id`);

--
-- Filtros para la tabla `instituto_paralelo`
--
ALTER TABLE `instituto_paralelo`
  ADD CONSTRAINT `FK_5FCF551CA859913F` FOREIGN KEY (`instituto_nivel_id`) REFERENCES `instituto_nivel` (`id`);

--
-- Filtros para la tabla `materia`
--
ALTER TABLE `materia`
  ADD CONSTRAINT `FK_6DF052843A064F90` FOREIGN KEY (`pre_requisito_id`) REFERENCES `materia` (`id`),
  ADD CONSTRAINT `FK_6DF052845C4DD445` FOREIGN KEY (`carrera_titulacion_tipo_id`) REFERENCES `carrera_titulacion_tipo` (`id`),
  ADD CONSTRAINT `FK_6DF05284DA3426AE` FOREIGN KEY (`nivel_id`) REFERENCES `nivel` (`id`);

--
-- Filtros para la tabla `materia_asignada`
--
ALTER TABLE `materia_asignada`
  ADD CONSTRAINT `FK_DBAC58BA94E27525` FOREIGN KEY (`docente_id`) REFERENCES `docente` (`id`),
  ADD CONSTRAINT `FK_DBAC58BAB54DBBCB` FOREIGN KEY (`materia_id`) REFERENCES `materia` (`id`),
  ADD CONSTRAINT `FK_DBAC58BAFB2E5B16` FOREIGN KEY (`instituto_carrera_id`) REFERENCES `instituto_carrera` (`id`);

--
-- Filtros para la tabla `municipio`
--
ALTER TABLE `municipio`
  ADD CONSTRAINT `FK_FE98F5E04E7121AF` FOREIGN KEY (`provincia_id`) REFERENCES `provincia` (`id`);

--
-- Filtros para la tabla `nivel`
--
ALTER TABLE `nivel`
  ADD CONSTRAINT `FK_AAFC20CB5C4DD445` FOREIGN KEY (`carrera_titulacion_tipo_id`) REFERENCES `carrera_titulacion_tipo` (`id`);

--
-- Filtros para la tabla `periodo`
--
ALTER TABLE `periodo`
  ADD CONSTRAINT `FK_7316C4ED6C6EF28` FOREIGN KEY (`instituto_id`) REFERENCES `instituto` (`id`);

--
-- Filtros para la tabla `preinscripcion`
--
ALTER TABLE `preinscripcion`
  ADD CONSTRAINT `FK_A954304958BC1BE0` FOREIGN KEY (`municipio_id`) REFERENCES `municipio` (`id`),
  ADD CONSTRAINT `FK_A954304959590C39` FOREIGN KEY (`estudiante_id`) REFERENCES `estudiante` (`id`),
  ADD CONSTRAINT `FK_A95430496C6EF28` FOREIGN KEY (`instituto_id`) REFERENCES `instituto` (`id`),
  ADD CONSTRAINT `FK_A9543049BF6AE94B` FOREIGN KEY (`instituto_paralelo_id`) REFERENCES `instituto_paralelo` (`id`),
  ADD CONSTRAINT `FK_A9543049E039A55` FOREIGN KEY (`regional_id`) REFERENCES `regional` (`id`),
  ADD CONSTRAINT `FK_A9543049FB2E5B16` FOREIGN KEY (`instituto_carrera_id`) REFERENCES `instituto_carrera` (`id`);

--
-- Filtros para la tabla `provincia`
--
ALTER TABLE `provincia`
  ADD CONSTRAINT `FK_D39AF2135A91C08D` FOREIGN KEY (`departamento_id`) REFERENCES `departamento` (`id`);

--
-- Filtros para la tabla `regional`
--
ALTER TABLE `regional`
  ADD CONSTRAINT `FK_CAE476F25A91C08D` FOREIGN KEY (`departamento_id`) REFERENCES `departamento` (`id`);

